27 - 7 = -i + 3*m, 5*i = -2*m - 15. Give b(i).
4
Let w be ((-108)/126)/((-16)/(-14) - 1). Let i(y) = -y**3 - 6*y**2 + 2*y + 2. Determine i(w).
-10
Let i(f) = f**2 + f - 2. Let g = 4 - 16. Let k = g - -9. Calculate i(k).
4
Let s(h) = 3*h + 30. Let y(v) = v + 10. Let t(p) = 3*s(p) - 8*y(p). Calculate t(-5).
5
Suppose -3*p - 2*d - 25 = 0, -35 = 2*p + 5*d - 0*d. Let y(h) = 2*h + 12. Let f be y(p). Let a(l) = -2*l + 2. Determine a(f).
-2
Let a(t) = 2*t. Let q be a(3). Let r(v) = -v**3 + 2 - 2 + 6*v**2 - 4 + 2 + v. Give r(q).
4
Let c(b) be the first derivative of -4*b**2 - 1. Determine c(1).
-8
Let z(k) = -23 + 13 + k**2 + 9. Give z(2).
3
Let x = -1 + 3. Let m(h) = -2*h + 2 + 3*h - 3*h**2 + 0*h. Determine m(x).
-8
Let x = -14 + 10. Let s(c) = -c**3 - 3*c**2 + 5*c - 3. Calculate s(x).
-7
Let m = 4 - 2. Let r(p) = -p**2 - m*p**2 + 4*p - p**3 - 2*p. Give r(-3).
-6
Let s(x) = -4*x + 73 + 5*x - 74 - 2*x**2. What is s(-3)?
-22
Let o(v) = 13*v**3 + 3*v + 8 - 9*v + 12*v**3 - 5*v**2 - 24*v**3. Determine o(6).
8
Suppose -10 = t - 0. Suppose -2*f = -5*f - 4*s + 6, -4*f + 5*s = -39. Let n = f + t. Let k(m) = m**2 + 6*m + 2. Calculate k(n).
-6
Let n(f) = -2*f - 1. Let i be n(-1). Let d(l) = -12*l**3 - 2*l + 1. Give d(i).
-13
Let a(h) be the first derivative of -h**3/3 + 2*h**2 + h - 36. Let r be 1 + 3 + (-1 - -1). Give a(r).
1
Suppose -3*p + 0*s - 2*s - 5 = 0, -s = -4*p - 3. Let t(l) = -l**2. What is t(p)?
-1
Let b(r) = -r**3 - 5*r**2 + 3*r + 4. Suppose -4*g - 3 = -2*w - 13, 0 = g. Give b(w).
-11
Let a(o) = o**2 - 7*o + 2. Suppose -3*v + 18 = 3*l - 2*l, 0 = -l + 3. Give a(v).
-8
Let s = 10 + -4. Let q(p) = 2*p**2 + 3*p**2 + 4*p - s*p**2 + 4. Determine q(4).
4
Let s = 79 - 76. Let b(k) be the second derivative of 0 + 1/12*k**4 - k**2 + s*k + 1/6*k**3. Calculate b(-3).
4
Suppose 3*n = n - 20. Let o = n + 15. Let b(g) = -g**3 - g**2 + g - 1. Let u(w) = 5*w**3 + 11*w**2 - 7*w + 9. Let i(j) = 6*b(j) + u(j). Give i(o).
-2
Let s(l) = 3*l - 3 - 2 + 3. Let o(r) = -2*r + 1. Let y be o(1). Let a = 1 - y. Give s(a).
4
Suppose 5*x + 18 = -2. Let z = x - -5. Let f(p) = 2 + 4 - 5*p + 0*p - 5. Determine f(z).
-4
Let q(s) be the first derivative of -s**3/6 - s**2/2 + s - 2. Let a(t) be the first derivative of q(t). What is a(3)?
-4
Suppose -3*n - 2*t + 7 = -0*t, -5 = 5*t. Suppose 0*l + 18 = 3*l - 3*d, 2*l + n*d + 8 = 0. Let i(k) = -6*k. Determine i(l).
-12
Let g(j) = -6*j + 35. Let r(w) = w - 7. Let o(n) = -2*g(n) - 11*r(n). Suppose -3*t = -6 + 15. Determine o(t).
4
Suppose 4*g - 3 = g. Let k(h) = -1. Let i(f) = 2*f - 4. Let l(x) = i(x) - 3*k(x). Calculate l(g).
1
Let u(w) be the third derivative of -w**5/6 + w**4/24 + 2*w**2. Let o(v) = v - 5. Let r be o(4). Determine u(r).
-11
Let y(b) = b**2 + 17*b + 17. Let p be y(-16). Let x(l) = 6*l**3 - 2*l + 1. Determine x(p).
5
Suppose 7*f + 2*f + 63 = 0. Let n(p) = -p**3 - 8*p**2 - 9*p + 1. Give n(f).
15
Let z(n) = -n**2 + 4*n. Let b = -11 - -14. Suppose -5 - 1 = -b*k. What is z(k)?
4
Let a(h) = -h**2 + 4*h + 1. Let y(b) = 2*b**2 + 14*b + 23. Let p be y(-5). Give a(p).
4
Let j be ((-3)/2)/(2/(-4)). Let o(t) = 3*t**2 - 4*t - 1. Calculate o(j).
14
Let i(k) be the third derivative of -k**4/24 + 5*k**3/6 - 30*k**2. Give i(5).
0
Let g(u) be the second derivative of u**4/12 - 5*u**3/6 - 5*u**2 - 5*u. Suppose -22 = -2*v - 8. Give g(v).
4
Let v(o) = -1 + 5*o + 4 - o**2 - 2. Let h be v(4). Let s(x) be the third derivative of x**6/120 - x**5/15 - 5*x**4/24 + 5*x**3/6 - 3*x**2. Determine s(h).
5
Let s(j) be the third derivative of j**8/3360 + j**7/630 + j**6/240 + j**5/60 + j**4/8 - 4*j**2. Let i(y) be the second derivative of s(y). Calculate i(-2).
-4
Let c(i) = -i - 4*i**2 + 4*i**2 - i**2. Let s be 14/63 + (-176)/(-18). Let w(g) = g - 9. Let u be w(s). Determine c(u).
-2
Let x(u) = -u**2 - 8*u - 9. Suppose 0 = 5*s + 10 + 60. Let h = s - -8. Let p be x(h). Let v(g) = -g + 2. Determine v(p).
-1
Let v(y) = y**2 - 3*y + 3. Suppose 2*q + p = 3*q - 2, -4*q = 2*p - 20. Give v(q).
7
Let o(s) = s**3 + 4*s**2 + 2*s + 1. Suppose -2 = t + 1. Determine o(t).
4
Suppose -2*o + 0*l = -l - 8, 0 = -4*l. Suppose o*u = -21 + 5. Let q(r) = r**3 + 4*r**2 - 3*r - 4. Give q(u).
8
Let r(l) be the second derivative of -l**5/24 - 2*l**3/3 - 4*l. Let b(p) be the second derivative of r(p). Calculate b(2).
-10
Let h(k) be the first derivative of 0*k + 2 + 7/2*k**2. Let a(u) = u**2 - 3*u + 1. Let d be a(2). Give h(d).
-7
Let w(c) = -c**3 + c**2 + c - 9. Let y(r) be the second derivative of -r**3/6 + 3*r**2 + 3*r. Let b be y(6). Give w(b).
-9
Let z(o) = -o**2 - 4 + o + 1 - 4*o. Let h(u) = -u**2 + 4*u - 1. Let f be h(5). Let b be f/(-10) + 207/(-45). Calculate z(b).
-7
Let x(n) be the second derivative of -1/20*n**5 + 9/2*n**2 + 0 + 0*n**4 + n - 1/6*n**3. What is x(0)?
9
Let r(z) be the first derivative of -z**4/4 + 2*z**3 + 9*z**2/2 - 9*z - 7. Calculate r(7).
5
Let x(y) = y**2 + y + 1. Let i be 2/(-3)*(-9)/(-6). Let p = 1 + i. Let b be (p - 4/(-6))*-3. Calculate x(b).
3
Let j(d) = -1 - 5 + d + 0 - d**2 - 8*d. Calculate j(-6).
0
Let g(r) = 4*r**2 - 4*r - 2*r**2 + 2*r**2 + 4 - 5*r**2. Suppose -16 = 8*k - 4*k. Determine g(k).
4
Let x(n) be the third derivative of n**5/60 - n**4/8 - 5*n**3/6 - n**2. Suppose 3*i - 3*s + 6 = 27, s - 9 = -3*i. What is x(i)?
-1
Let v(z) = z**3 - z**2 - 1. Let i(y) = -y**3 - 6*y**2. Let t be i(-6). Determine v(t).
-1
Let n(p) = -p + 2. Suppose 0*g = 4*q - g + 18, 5*g = 4*q + 10. Let k = -8 - q. Give n(k).
5
Let o = -7 + 8. Let w = o - 1. Suppose 5*a + 1 - 16 = w. Let z(v) = -v**3 + 3*v**2 + 2*v - 3. Determine z(a).
3
Let d(v) = -24*v**3 - 2*v**2 + v. Let y be 3 + 1 + (-2 - 1). Give d(y).
-25
Let i(v) = v - 10. Let c(h) = 2*h - 19. Suppose 4*k - 5*k + 4 = 0. Suppose k*l = -3*z - 21, 2*z + 3*z = l + 11. Let f(r) = l*c(r) + 11*i(r). Give f(6).
-2
Let b(s) = 3*s**2 - 12*s - 3. Let u(x) = 1 + 4*x - 2*x**2 - 6*x**2 + 4*x**2 + 3*x**2. Let z(f) = 2*b(f) + 7*u(f). Determine z(5).
-4
Let a = -9 - -5. Let b = 5 + a. Let j(i) = -4*i - 1. Determine j(b).
-5
Let k be (9/(-6) - -2)*0. Suppose k = 3*h - 4*h + 2. Let y(p) = -1 + 8*p**2 - 2*p + 3*p - 2*p**h. Give y(1).
6
Let a(n) = 19*n**2. Let r be (-36)/24 - (0 - 2/4). What is a(r)?
19
Let r(c) be the first derivative of c**6/120 - c**5/20 - 5*c**4/24 + c**3/2 + 3*c**2/2 - 3. Let b(v) be the second derivative of r(v). Calculate b(4).
-1
Let q be ((-2)/(-4))/(1/(-2)). Let k be 1*(q + -2) - 0. Let s(f) = f**3 + 3*f**2 - 3*f + 4. Give s(k).
13
Let p(g) be the first derivative of g - 1/2*g**2 + 1. Give p(6).
-5
Let o(m) = -8*m**2 - m - 2 - m**3 + 5*m**2 + m**2. Determine o(-2).
0
Suppose w + 0*w = 0. Let m(i) = 3*i - 5. Let v(o) = 4*o - 5. Let z(t) = 5*m(t) - 4*v(t). Determine z(w).
-5
Let m(f) be the first derivative of 2*f**2 + f - 5. What is m(1)?
5
Let z(m) = 6*m**3 + m**2 + 2*m + 1. Let b be 3/(-9)*(-6)/(-2). Calculate z(b).
-6
Let b(o) = -12*o**3 + 96*o**2 + 24*o**3 - 100*o**2 - 11*o**3 - 1 - 4*o. Let v be -1 - 5 - (0 + -1). Let d be 1 - 1 - v/1. Determine b(d).
4
Suppose 5*f - f = 8. Let b = -3 + f. Let u(r) = -3 - r + 0 - 2*r**2 + 3 - 4*r**3. Calculate u(b).
3
Let c(i) be the first derivative of i**2/2 + i - 1. Let m = 6 + -8. Let z be (-3)/m*1*-2. Calculate c(z).
-2
Let v(p) = p. Let i(m) = -4*m + 1. Let j(t) = i(t) - 2*v(t). Suppose 4*y - 3*y = 7. Suppose 5*c - q = -1, 0*q - y = 3*c + q. What is j(c)?
7
Let c(z) be the first derivative of z**4/4 + z**3 - z**2 + 2*z - 7. Give c(-3).
8
Let k(a) = -a**2 + 7*a - 8. Let w be k(6). Let i be 9 - (w/1 - -2). Suppose 4*b - i*b - 25 = 0. Let q(v) = -v**2 - 6*v. Give q(b).
5
Let v(h) = -7*h. Suppose -6 = 2*x - 4*l, 2*x + 5*l + 6 = 4*l. What is v(x)?
21
Suppose 5*f + 4*w = -16, 0*f - w = -4*f - 17. Let k(l) be the second derivative of -l**4/12 - l**3 - l**2/2 + l. Determine k(f).
7
Let i = 3 - 1. Let l(w) = -2*w**2 - 2*w + 0*w + 0*w + 1 + w**3. What is l(i)?
-3
Let f(w) = 3*w**2 - 4*w**2 - 7*w - 8*w + 6*w + 3. Give f(-7).
17
Let p be ((-1 + 1)/(-3))/2. Suppose 0*m - 2*m - 6 = p. Let k(g) = g**2 + 3*g + 3. Calculate k(m).
3
Let h(w) be the second derivative of -3*w**5/10 - 2*w. Let k(z) = -z + 9. Let o be k(8). Give h(o).
-6
Let g(z) = z**3 - 8*z**2 + 6*z + 5. Let q = 7 + 0. What is g(q)?
-2
Let x be ((-6)/(-7))/(3/21). Let p(b) = b**2 - 6*b. Determine p(x).
0
Let m(t)